-7c8 - 0?
-7c8
In base 6, what is 3402 + 3?
3405
In base 7, what is 5 - -6015?
6023
In base 3, what is -10012 - -11?
-10001
In base 4, what is 100 + -10212?
-10112
In base 9, what is -1224 + -4?
-1228
In base 8, what is -173 + -270?
-463
In base 10, what is -80 - 0?
-80
In base 9, what is 14 + -108?
-84
In base 5, what is 14323 - 3?
14320
In base 13, what is 30 + -9a?
-6a
In base 10, what is 396 - -1?
397
In base 11, what is 50 - 0?
50
In base 9, what is 150 - -152?
312
In base 10, what is 48 + -5?
43
In base 4, what is -12112 + 1?
-12111
In base 11, what is 171a + 0?
171a
In base 8, what is -45515 + 5?
-45510
In base 12, what is -31 - 5?
-36
In base 13, what is -3 + 82?
7c
In base 16, what is 4 - -9c?
a0
In base 7, what is -5 + 5114?
5106
In base 3, what is -2210 - -102?
-2101
In base 2, what is 101110001 + -10111?
101011010
In base 3, what is 2001 + 1002?
10010
In base 5, what is 2020 + 12?
2032
In base 15, what is ee + 8?
107
In base 15, what is -41 + -1?
-42
In base 16, what is 4 - 9?
-5
In base 11, what is -867 + 6?
-861
In base 7, what is -4 + -23?
-30
In base 6, what is -15 - 43?
-102
In base 8, what is -1 - -462?
461
In base 16, what is -6 - 2a7?
-2ad
In base 6, what is -202 + 12?
-150
In base 11, what is 140 - 5?
136
In base 12, what is -4 + -b?
-13
In base 8, what is 112 + 25?
137
In base 13, what is -5 + 197?
192
In base 16, what is -44d - -c?
-441
In base 2, what is 11110 - 10101001?
-10001011
In base 16, what is -9 - -34?
2b
In base 7, what is 1 - -6?
10
In base 7, what is 5 + -113?
-105
In base 11, what is -12 + -22?
-34
In base 7, what is 0 - -30?
30
In base 9, what is 5 - -107?
113
In base 4, what is 332 - 10?
322
In base 10, what is -2 - -1282?
1280
In base 6, what is 522 + -1?
521
In base 12, what is -9 + 4?
-5
In base 16, what is 42 - -c?
4e
In base 11, what is -4 - 4?
-8
In base 12, what is -136 - -1?
-135
In base 4, what is 1 + 2010213?
2010220
In base 3, what is -10 + 222?
212
In base 14, what is -1 - 18?
-19
In base 16, what is -5 + -4?
-9
In base 7, what is 6 + -10?
-1
In base 3, what is 2 - 12112021?
-12112012
In base 6, what is 411 + 4?
415
In base 7, what is -243 + 2?
-241
In base 6, what is 0 - -133?
133
In base 13, what is -7b + 4?
-77
In base 6, what is -2 + -214?
-220
In base 11, what is 212 + 0?
212
In base 10, what is 1298 - 0?
1298
In base 7, what is -1464 - -20?
-1444
In base 2, what is -1001 - -11111?
10110
In base 2, what is 111100 + -101?
110111
In base 6, what is 31003 - 3?
31000
In base 15, what is 97 - -6?
9d
In base 6, what is 1145 + -4?
1141
In base 6, what is 101 - 1411?
-1310
In base 2, what is -1000111 - 1?
-1001000
In base 6, what is -2 + 11?
5
In base 14, what is -5 + 10?
9
In base 16, what is 4 - 64d?
-649
In base 5, what is -100 + 11?
-34
In base 15, what is -319 + 3?
-316
In base 6, what is 2 + -15041?
-15035
In base 10, what is 0 + 26?
26
In base 6, what is 1442 + 23?
1505
In base 7, what is 23 + 43?
66
In base 3, what is -2 - 100?
-102
In base 2, what is 101 + 11000?
11101
In base 14, what is -bc + -6?
-c4
In base 3, what is -21 - -102?
11
In base 12, what is 1 - 133?
-132
In base 2, what is -100 - 11100111001?
-11100111101
In base 14, what is -8 - -2b?
23
In base 13, what is -55b + 5?
-556
In base 2, what is -1000000 - 1010010?
-10010010
In base 5, what is 0 - 2212?
-2212
In base 14, what is -45 + 2d?
-16
In base 14, what is -3607 + 5?
-3602
In base 7, what is 666 + 6?
1005
In base 8, what is -5 - 173?
-200
In base 13, what is 2 - 483?
-481
In base 9, what is 1770 + 0?
1770
In base 6, what is -1 + -402?
-403
In base 13, what is -2c9 + -1?
-2ca
In base 16, what is ac + 14?
c0
In base 3, what is 200021 + 0?
200021
In base 10, what is -11 + 80?
69
In base 3, what is -1 - -11?
10
In base 2, what is 10111 - 100110?
-1111
In base 15, what is -103 - 0?
-103
In base 14, what is -5 - 480?
-485
In base 9, what is -2185 - -3?
-2182
In base 4, what is -12 - -11?
-1
In base 4, what is 1 + 1002?
1003
In base 4, what is -1 - -211?
210
In base 16, what is -10 + -48?
-58
In base 11, what is 1 + -360?
-35a
In base 2, what is -111100110 - -1?
-111100101
In base 6, what is -15 + 522?
503
In base 4, what is 2100211 - 10?
2100201
In base 6, what is -511 - 14?
-525
In base 6, what is 1 + -5311?
-5310
In base 12, what is 4 - -4a?
52
In base 11, what is -2 - -20?
19
In base 8, what is 2 + 303?
305
In base 7, what is -1 - 12124?
-12125
In base 7, what is 1 - 1403?
-1402
In base 5, what is 342 - 4?
333
In base 14, what is -95 + 5?
-90
In base 5, what is 10 - 113430?
-113420
In base 15, what is 1 + -21?
-20
In base 3, what is 12012120 + 2?
12012122
In base 11, what is 64 - -7?
70
In base 2, what is 1 + 111010?
111011
In base 14, what is 110 - 0?
110
In base 8, what is 5520 + 12?
5532
In base 10, what is -123 + -2?
-125
In base 16, what is -33 - -24?
-f
In base 4, what is -3131 + -11?
-3202
In base 9, what is -227 + -152?
-380
In base 14, what is 3 + 60?
63
In base 6, what is 2 - -5?
11
In base 16, what is -7b99 + 3?
-7b96
In base 10, what is 3 + -7?
-4
In base 11, what is 745 - -7?
751
In base 2, what is -10000111000 - 0?
-10000111000
In base 4, what is -1 - -110?
103
In base 11, what is 206 + 55?
260
In base 14, what is 88c - 1?
88b
In base 14, what is 0 + cc?
cc
In base 11, what is 79 - -a?
88
In base 16, what is 663 - 6?
65d
In base 6, what is 114 + -14?
100
In base 12, what is 1 - -1b0?
1b1
In base 11, what is 15 + -33a?
-325
In base 16, what is -2 + -a?
-c
In base 3, what is -10 + 12220?
12210
In base 14, what is 1d6 - d?
1c7
In base 16, what is -1 + -db?
-dc
In base 10, what is 48 + 3?
51
In base 8, what is 13722 - 0?
13722
In base 5, what is 2231 + 2?
2233
In base 11, what is -235a + -2?
-2361
In base 12, what is -1b2 + 1?
-1b1
In base 2, what is -1 + 1000100?
1000011
In base 5, what is 310 + -4?
301
In base 14, what is 6 - -1b?
23
In base 10, what is -3678 + 4?
-3674
In base 4, what is 0 + 301?
301
In base 4, what is -1120 + -12?
-1132
In base 12, what is 6a - -1?
6b
In base 2, what is 1010 + -11000?
-1110
In base 9, what is -37 - -7?
-30
In base 7, what is -360 + 0?
-360
In base 16, what is -18 + -140?
-158
In base 6, what is 130 - 0?
130
In base 12, what is -178 + 13?
-165
In base 10, what is 0 - -289?
289
In base 6, what is -21010 + 2?
-21004
In base 4, what is -121113 - 20?
-121133
In base 14, what is 855 + -9?
84a
In base 12, what is 8 + -1?
7
In base 15, what is -3 - 1e?
-22
In base 13, what is 11 + -23?
-12
In base 4, what is -11230003 - 11?
-11230020
In base 5, what is -1340 + 1?
-1334
In base 14, what is 2 - -29?
2b
In base 13, what is -c5 - 4?
-c9
In base 2, what is -1010 + 11000000?
10110110
In base 11, what is 5 + 22?
27
In base 5, what is -1024 - 3?
-1032
In base 12, what is -16 + -7?
-21
In base 11, what is -4 - 167?
-170
In base 9, what is -10 - -1478?
1468
In base 16, what is -5 + -86?
-8b
In base 6, what is 2330 + 5?
2335
In base 14, what is -1 - -3d?
3c
In base 6, what is 12 - -232?
244
In base 13, what is -5 + 69?
64
In base 5, what is 14 - 2132?
-2113
In base 4, what is -313 + 12?
-301
In base 10, what is 1 + 3070?
3071
In base 11, what is 9 + -333?
-325
In base 12, what is 1974 - -1?
1975
In base 7, what is -1 + 31?
30
In base 3, what is 22122211 - 0?
22122211
In base 16, what is 10 - 25?
-15
In base 9, what is -3 - 82?
-85
In base 13, what is -3 - 17ca?
-1800
In base 12, what is 2054 + 3?
2057
In base 14, what is 13 + -10?
3
In base 14, what is 113 + 3?
116
In base 14, what is 22 - -1?
23
In base 8, what is 0 + 3364?
3364
In base 11, what is -4456 + 2?
-4454
In base 13, what is 174 + 31?
1a5
In base 3, what is -2202 - -111?
-2021
In base 14, what is -2b - 68?
-95
In base 10, what is -83 + 6?
-77
In base 9, what is -573 - 0?
-573
In base 9, what is -1 + -31?
-32
In base 8, what is 2074 - -5?
2101
In base 7, what is -23 + -3?
-26
In base 12, what is 4 - -287?
28b
In base 5, what is -3413 + -1?
-3414
In base 15, what is 68 - 3c?
2b
In base 11, what is -1081 + -2?
-1083
In base 15, what is -12 - 1?
-13
In base 13, what is -2a4 + -3?
-2a7
In base 5, what is -31121 + -2?
-31123
In base 16, what is -4 + 12eb?
12e7
In base 2, what is 10011100010110 - -1?
10011100010111
In base 5, what is -10 - -1214?
1204
In base 12, what is 4 + 56?
5a
In base 12, what is 46 + -218?
-192
In base 10, what is 